{"id":841,"date":"2021-08-18T09:24:42","date_gmt":"2021-08-18T07:24:42","guid":{"rendered":"https:\/\/test.sme-suisse.org\/freiwillige\/"},"modified":"2025-01-21T11:40:34","modified_gmt":"2025-01-21T10:40:34","slug":"freiwillige","status":"publish","type":"page","link":"https:\/\/sme-suisse.org\/de\/ueber-den-sme\/freiwillige\/","title":{"rendered":"Freiwillige"},"content":{"rendered":"<section class=\"l-section wpb_row height_medium\"><div class=\"l-section-h i-cf\"><div class=\"g-cols via_flex valign_top type_default\"><div class=\"vc_col-sm-3 wpb_column vc_column_container\"><div class=\"vc_column-inner\"><div class=\"wpb_wrapper\"><\/div><\/div><\/div><div class=\"vc_col-sm-6 wpb_column vc_column_container\"><div class=\"vc_column-inner\"><div class=\"wpb_wrapper\"><div class=\"wpb_text_column\"><div class=\"wpb_wrapper\"><h1 style=\"text-align: center;\">Unsere Freiwilligen<\/h1>\n<h2 style=\"text-align: center;\">Die Erfahrung jedes Einzelnen ist der Schatz aller.<\/h2>\n<p style=\"text-align: center;\">Dank ihnen ver\u00e4ndert Ihr Engagement hier deren Leben dort! Die St\u00e4rke des SME ist das Vertrauen, das er in seinen Beziehungen zu den L\u00e4ndern des S\u00fcdens aufgebaut hat. Die direkte Verbindung zu den Partnern vor Ort garantiert die Qualit\u00e4t und die Ethik eines jeden Projekts.<\/p>\n<\/div><\/div><\/div><\/div><\/div><div class=\"vc_col-sm-3 wpb_column vc_column_container\"><div class=\"vc_column-inner\"><div class=\"wpb_wrapper\"><\/div><\/div><\/div><\/div><\/div><\/section><section class=\"l-section wpb_row height_auto\"><div class=\"l-section-h i-cf\"><div class=\"g-cols via_flex valign_top type_default\"><div class=\"vc_col-sm-4 wpb_column vc_column_container\"><div class=\"vc_column-inner\"><div class=\"wpb_wrapper\"><div class=\"w-person layout_trendy with_desc\" itemscope itemtype=\"https:\/\/schema.org\/Person\"><div class=\"w-person-image\"><img loading=\"lazy\" decoding=\"async\" width=\"400\" height=\"400\" src=\"https:\/\/sme-suisse.org\/wp-content\/uploads\/2021\/06\/Annelise-Eric_400.jpg\" class=\"attachment-full size-full\" alt=\"Les volontaires du SME - Annelise et Eric\" srcset=\"https:\/\/sme-suisse.org\/wp-content\/uploads\/2021\/06\/Annelise-Eric_400.jpg 400w, https:\/\/sme-suisse.org\/wp-content\/uploads\/2021\/06\/Annelise-Eric_400-300x300.jpg 300w, https:\/\/sme-suisse.org\/wp-content\/uploads\/2021\/06\/Annelise-Eric_400-150x150.jpg 150w\" sizes=\"auto, (max-width: 400px) 100vw, 400px\" \/><\/div><div class=\"w-person-content\"><h4 class=\"w-person-name\" itemprop=\"name\"><span>Eric und Annelise<\/span><\/h4><div class=\"w-person-role\" itemprop=\"jobTitle\">Ev. Kirche Tramelan<\/div><\/div><div class=\"w-person-content-alt\"><div class=\"w-person-description\" itemprop=\"description\"><p>Ausbildungszentrum<br \/>\nPartnerschaft: Perspective Senegal<\/p>\n<\/div><\/div><\/div><\/div><\/div><\/div><div class=\"vc_col-sm-4 wpb_column vc_column_container\"><div class=\"vc_column-inner\"><div class=\"wpb_wrapper\"><div class=\"w-person layout_trendy with_desc\" itemscope itemtype=\"https:\/\/schema.org\/Person\"><div class=\"w-person-image\"><img loading=\"lazy\" decoding=\"async\" width=\"400\" height=\"400\" src=\"https:\/\/sme-suisse.org\/wp-content\/uploads\/2021\/06\/Beryl-Jay.jpg\" class=\"attachment-full size-full\" alt=\"Les volontaires du SME - Beryl et Jay\" srcset=\"https:\/\/sme-suisse.org\/wp-content\/uploads\/2021\/06\/Beryl-Jay.jpg 400w, https:\/\/sme-suisse.org\/wp-content\/uploads\/2021\/06\/Beryl-Jay-300x300.jpg 300w, https:\/\/sme-suisse.org\/wp-content\/uploads\/2021\/06\/Beryl-Jay-150x150.jpg 150w\" sizes=\"auto, (max-width: 400px) 100vw, 400px\" \/><\/div><div class=\"w-person-content\"><h4 class=\"w-person-name\" itemprop=\"name\"><span>Jay und Beryl<\/span><\/h4><div class=\"w-person-role\" itemprop=\"jobTitle\">Ev. Kirche La Colline, Crissier<\/div><\/div><div class=\"w-person-content-alt\"><div class=\"w-person-description\" itemprop=\"description\"><p><span style=\"font-family: arial,helvetica,sans-serif; font-size: 12pt;\">Ambulanz und mobile Klinik<\/span><br \/>\nPartnerschaften: SMG \/ APAB<\/p>\n<\/div><\/div><\/div><\/div><\/div><\/div><div class=\"vc_col-sm-4 wpb_column vc_column_container\"><div class=\"vc_column-inner\"><div class=\"wpb_wrapper\"><div class=\"w-person layout_trendy with_desc\" itemscope itemtype=\"https:\/\/schema.org\/Person\"><div class=\"w-person-image\"><img loading=\"lazy\" decoding=\"async\" width=\"400\" height=\"400\" src=\"https:\/\/sme-suisse.org\/wp-content\/uploads\/2021\/06\/Melvina-Nicolas.jpg\" class=\"attachment-full size-full\" alt=\"Les volontaires du SME - Melvina et Nicolas\" srcset=\"https:\/\/sme-suisse.org\/wp-content\/uploads\/2021\/06\/Melvina-Nicolas.jpg 400w, https:\/\/sme-suisse.org\/wp-content\/uploads\/2021\/06\/Melvina-Nicolas-300x300.jpg 300w, https:\/\/sme-suisse.org\/wp-content\/uploads\/2021\/06\/Melvina-Nicolas-150x150.jpg 150w\" sizes=\"auto, (max-width: 400px) 100vw, 400px\" \/><\/div><div class=\"w-person-content\"><h4 class=\"w-person-name\" itemprop=\"name\"><span>Melvina und Nicolas<\/span><\/h4><div class=\"w-person-role\" itemprop=\"jobTitle\">Ev. Kirche Bern<\/div><\/div><div class=\"w-person-content-alt\"><div class=\"w-person-description\" itemprop=\"description\"><p><span style=\"caret-color: auto;\">Technik- und Informatik-Ausbildung\u00a0<\/span><\/p>\n<\/div><\/div><\/div><\/div><\/div><\/div><\/div><\/div><\/section><section class=\"l-section wpb_row height_medium\"><div class=\"l-section-h i-cf\"><div class=\"g-cols via_flex valign_top type_default\"><div class=\"vc_col-sm-4 wpb_column vc_column_container\"><div class=\"vc_column-inner\"><div class=\"wpb_wrapper\"><div class=\"w-person layout_trendy with_desc\" itemscope itemtype=\"https:\/\/schema.org\/Person\"><div class=\"w-person-image\"><img loading=\"lazy\" decoding=\"async\" width=\"400\" height=\"400\" src=\"https:\/\/sme-suisse.org\/wp-content\/uploads\/2021\/06\/Monika-Arnold.jpg\" class=\"attachment-full size-full\" alt=\"Les volontaires du SME - Monika et Arnold\" srcset=\"https:\/\/sme-suisse.org\/wp-content\/uploads\/2021\/06\/Monika-Arnold.jpg 400w, https:\/\/sme-suisse.org\/wp-content\/uploads\/2021\/06\/Monika-Arnold-300x300.jpg 300w, https:\/\/sme-suisse.org\/wp-content\/uploads\/2021\/06\/Monika-Arnold-150x150.jpg 150w\" sizes=\"auto, (max-width: 400px) 100vw, 400px\" \/><\/div><div class=\"w-person-content\"><h4 class=\"w-person-name\" itemprop=\"name\"><span>Arnold und Monika<\/span><\/h4><div class=\"w-person-role\" itemprop=\"jobTitle\">Ev. Kirche Villard<\/div><\/div><div class=\"w-person-content-alt\"><div class=\"w-person-description\" itemprop=\"description\"><p>Medizinische Ausbildung<br \/>\n<span style=\"font-family: arial,helvetica,sans-serif; font-size: 12pt;\"> Partner SFE<\/span><\/p>\n<\/div><\/div><\/div><\/div><\/div><\/div><div class=\"vc_col-sm-4 wpb_column vc_column_container\"><div class=\"vc_column-inner\"><div class=\"wpb_wrapper\"><div class=\"w-person layout_trendy with_desc\" itemscope itemtype=\"https:\/\/schema.org\/Person\"><div class=\"w-person-image\"><img loading=\"lazy\" decoding=\"async\" width=\"400\" height=\"400\" src=\"https:\/\/sme-suisse.org\/wp-content\/uploads\/2021\/06\/Catherine.jpg\" class=\"attachment-full size-full\" alt=\"La volontaire du SME - Catherine\" srcset=\"https:\/\/sme-suisse.org\/wp-content\/uploads\/2021\/06\/Catherine.jpg 400w, https:\/\/sme-suisse.org\/wp-content\/uploads\/2021\/06\/Catherine-300x300.jpg 300w, https:\/\/sme-suisse.org\/wp-content\/uploads\/2021\/06\/Catherine-150x150.jpg 150w\" sizes=\"auto, (max-width: 400px) 100vw, 400px\" \/><\/div><div class=\"w-person-content\"><h4 class=\"w-person-name\" itemprop=\"name\"><span>Catherine<\/span><\/h4><div class=\"w-person-role\" itemprop=\"jobTitle\">Ev. Kirche Villard<\/div><\/div><div class=\"w-person-content-alt\"><div class=\"w-person-description\" itemprop=\"description\"><p>Bildungszentrum in einem Armenviertel<br \/>\nPartnerschaft: Tahaddi<\/p>\n<\/div><\/div><\/div><\/div><\/div><\/div><div class=\"vc_col-sm-4 wpb_column vc_column_container\"><div class=\"vc_column-inner\"><div class=\"wpb_wrapper\"><div class=\"w-person layout_trendy with_desc\" itemscope itemtype=\"https:\/\/schema.org\/Person\"><div class=\"w-person-image\"><img loading=\"lazy\" decoding=\"async\" width=\"400\" height=\"400\" src=\"https:\/\/sme-suisse.org\/wp-content\/uploads\/2021\/06\/Marianne.jpg\" class=\"attachment-full size-full\" alt=\"La volontaire du SME - Marianne\" srcset=\"https:\/\/sme-suisse.org\/wp-content\/uploads\/2021\/06\/Marianne.jpg 400w, https:\/\/sme-suisse.org\/wp-content\/uploads\/2021\/06\/Marianne-300x300.jpg 300w, https:\/\/sme-suisse.org\/wp-content\/uploads\/2021\/06\/Marianne-150x150.jpg 150w\" sizes=\"auto, (max-width: 400px) 100vw, 400px\" \/><\/div><div class=\"w-person-content\"><h4 class=\"w-person-name\" itemprop=\"name\"><span>Marianne<\/span><\/h4><div class=\"w-person-role\" itemprop=\"jobTitle\">Ev. Kirche L'Oasis, Morges<\/div><\/div><div class=\"w-person-content-alt\"><div class=\"w-person-description\" itemprop=\"description\"><p>Ausbildung von Labortechnikern<br \/>\nPartnerschaften: Interserve \/ UMHT<\/p>\n<\/div><\/div><\/div><\/div><\/div><\/div><\/div><\/div><\/section><section class=\"l-section wpb_row height_auto\"><div class=\"l-section-h i-cf\"><div class=\"g-cols via_flex valign_top type_default\"><div class=\"vc_col-sm-4 wpb_column vc_column_container\"><div class=\"vc_column-inner\"><div class=\"wpb_wrapper\"><div class=\"w-person layout_trendy with_desc\" itemscope itemtype=\"https:\/\/schema.org\/Person\"><div class=\"w-person-image\"><img decoding=\"async\" class=\"g-placeholder\" src=\"https:\/\/sme-suisse.org\/wp-content\/plugins\/us-core\/assets\/images\/placeholder.svg\" width=\"\" height=\"\" alt=\"\"><\/div><div class=\"w-person-content\"><h4 class=\"w-person-name\" itemprop=\"name\"><span>D. und A.<\/span><\/h4><div class=\"w-person-role\" itemprop=\"jobTitle\">Ev. Kirche La Fraternelle, Nyon<\/div><\/div><div class=\"w-person-content-alt\"><div class=\"w-person-description\" itemprop=\"description\"><p>Business, Bildung<\/p>\n<\/div><\/div><\/div><\/div><\/div><\/div><div class=\"vc_col-sm-4 wpb_column vc_column_container\"><div class=\"vc_column-inner\"><div class=\"wpb_wrapper\"><div class=\"w-person layout_trendy with_desc\" itemscope itemtype=\"https:\/\/schema.org\/Person\"><div class=\"w-person-image\"><img decoding=\"async\" class=\"g-placeholder\" src=\"https:\/\/sme-suisse.org\/wp-content\/plugins\/us-core\/assets\/images\/placeholder.svg\" width=\"\" height=\"\" alt=\"\"><\/div><div class=\"w-person-content\"><h4 class=\"w-person-name\" itemprop=\"name\"><span>S. und M.<\/span><\/h4><div class=\"w-person-role\" itemprop=\"jobTitle\">Ev. Kirche La Chapelle, Clarens<\/div><\/div><div class=\"w-person-content-alt\"><div class=\"w-person-description\" itemprop=\"description\"><p>Aufnahmezentrum f\u00fcr auf der Strasse lebende M\u00e4dchen<\/p>\n<\/div><\/div><\/div><\/div><\/div><\/div><div class=\"vc_col-sm-4 wpb_column vc_column_container\"><div class=\"vc_column-inner\"><div class=\"wpb_wrapper\"><\/div><\/div><\/div><\/div><\/div><\/section><section class=\"l-section wpb_row height_medium\"><div class=\"l-section-h i-cf\"><div class=\"g-cols via_flex valign_top type_default\"><div class=\"vc_col-sm-12 wpb_column vc_column_container\"><div class=\"vc_column-inner\"><div class=\"wpb_wrapper\"><div class=\"w-separator size_medium\"><\/div><\/div><\/div><\/div><\/div><\/div><\/section>\n","protected":false},"excerpt":{"rendered":"Unsere Freiwilligen Die Erfahrung jedes Einzelnen ist der Schatz aller. Dank ihnen ver\u00e4ndert Ihr Engagement hier deren Leben dort! Die St\u00e4rke des SME ist das Vertrauen, das er in seinen Beziehungen zu den L\u00e4ndern des S\u00fcdens aufgebaut hat. Die direkte Verbindung zu den Partnern vor Ort garantiert die Qualit\u00e4t und die Ethik eines jeden Projekts....","protected":false},"author":1,"featured_media":0,"parent":794,"menu_order":0,"comment_status":"closed","ping_status":"closed","template":"","meta":{"_acf_changed":false,"footnotes":""},"class_list":["post-841","page","type-page","status-publish","hentry"],"acf":[],"_links":{"self":[{"href":"https:\/\/sme-suisse.org\/de\/wp-json\/wp\/v2\/pages\/841","targetHints":{"allow":["GET"]}}],"collection":[{"href":"https:\/\/sme-suisse.org\/de\/wp-json\/wp\/v2\/pages"}],"about":[{"href":"https:\/\/sme-suisse.org\/de\/wp-json\/wp\/v2\/types\/page"}],"author":[{"embeddable":true,"href":"https:\/\/sme-suisse.org\/de\/wp-json\/wp\/v2\/users\/1"}],"replies":[{"embeddable":true,"href":"https:\/\/sme-suisse.org\/de\/wp-json\/wp\/v2\/comments?post=841"}],"version-history":[{"count":4,"href":"https:\/\/sme-suisse.org\/de\/wp-json\/wp\/v2\/pages\/841\/revisions"}],"predecessor-version":[{"id":846,"href":"https:\/\/sme-suisse.org\/de\/wp-json\/wp\/v2\/pages\/841\/revisions\/846"}],"up":[{"embeddable":true,"href":"https:\/\/sme-suisse.org\/de\/wp-json\/wp\/v2\/pages\/794"}],"wp:attachment":[{"href":"https:\/\/sme-suisse.org\/de\/wp-json\/wp\/v2\/media?parent=841"}],"curies":[{"name":"wp","href":"https:\/\/api.w.org\/{rel}","templated":true}]}}

<section class="l-section wpb_row height_medium"><div class="l-section-h i-cf"><div class="g-cols via_flex valign_top type_default"><div class="vc_col-sm-3 wpb_column vc_column_container"><div class="vc_column-inner"><div class="wpb_wrapper"></div></div></div><div class="vc_col-sm-6 wpb_column vc_column_container"><div class="vc_column-inner"><div class="wpb_wrapper"><div class="wpb_text_column"><div class="wpb_wrapper"><h1 style="text-align: center;">Unsere Freiwilligen</h1>
<h2 style="text-align: center;">Die Erfahrung jedes Einzelnen ist der Schatz aller.</h2>
<p style="text-align: center;">Dank ihnen verändert Ihr Engagement hier deren Leben dort! Die Stärke des SME ist das Vertrauen, das er in seinen Beziehungen zu den Ländern des Südens aufgebaut hat. Die direkte Verbindung zu den Partnern vor Ort garantiert die Qualität und die Ethik eines jeden Projekts.</p>
</div></div></div></div></div><div class="vc_col-sm-3 wpb_column vc_column_container"><div class="vc_column-inner"><div class="wpb_wrapper"></div></div></div></div></div></section><section class="l-section wpb_row height_auto"><div class="l-section-h i-cf"><div class="g-cols via_flex valign_top type_default"><div class="vc_col-sm-4 wpb_column vc_column_container"><div class="vc_column-inner"><div class="wpb_wrapper"><div class="w-person layout_trendy with_desc" itemscope itemtype="https://schema.org/Person"><div class="w-person-image"><img loading="lazy" decoding="async" width="400" height="400" src="https://sme-suisse.org/wp-content/uploads/2021/06/Annelise-Eric_400.jpg" class="attachment-full size-full" alt="Les volontaires du SME - Annelise et Eric" srcset="https://sme-suisse.org/wp-content/uploads/2021/06/Annelise-Eric_400.jpg 400w, https://sme-suisse.org/wp-content/uploads/2021/06/Annelise-Eric_400-300x300.jpg 300w, https://sme-suisse.org/wp-content/uploads/2021/06/Annelise-Eric_400-150x150.jpg 150w" sizes="auto, (max-width: 400px) 100vw, 400px" /></div><div class="w-person-content"><h4 class="w-person-name" itemprop="name"><span>Eric und Annelise</span></h4><div class="w-person-role" itemprop="jobTitle">Ev. Kirche Tramelan</div></div><div class="w-person-content-alt"><div class="w-person-description" itemprop="description"><p>Ausbildungszentrum<br />
Partnerschaft: Perspective Senegal</p>
</div></div></div></div></div></div><div class="vc_col-sm-4 wpb_column vc_column_container"><div class="vc_column-inner"><div class="wpb_wrapper"><div class="w-person layout_trendy with_desc" itemscope itemtype="https://schema.org/Person"><div class="w-person-image"><img loading="lazy" decoding="async" width="400" height="400" src="https://sme-suisse.org/wp-content/uploads/2021/06/Beryl-Jay.jpg" class="attachment-full size-full" alt="Les volontaires du SME - Beryl et Jay" srcset="https://sme-suisse.org/wp-content/uploads/2021/06/Beryl-Jay.jpg 400w, https://sme-suisse.org/wp-content/uploads/2021/06/Beryl-Jay-300x300.jpg 300w, https://sme-suisse.org/wp-content/uploads/2021/06/Beryl-Jay-150x150.jpg 150w" sizes="auto, (max-width: 400px) 100vw, 400px" /></div><div class="w-person-content"><h4 class="w-person-name" itemprop="name"><span>Jay und Beryl</span></h4><div class="w-person-role" itemprop="jobTitle">Ev. Kirche La Colline, Crissier</div></div><div class="w-person-content-alt"><div class="w-person-description" itemprop="description"><p><span style="font-family: arial,helvetica,sans-serif; font-size: 12pt;">Ambulanz und mobile Klinik</span><br />
Partnerschaften: SMG / APAB</p>
</div></div></div></div></div></div><div class="vc_col-sm-4 wpb_column vc_column_container"><div class="vc_column-inner"><div class="wpb_wrapper"><div class="w-person layout_trendy with_desc" itemscope itemtype="https://schema.org/Person"><div class="w-person-image"><img loading="lazy" decoding="async" width="400" height="400" src="https://sme-suisse.org/wp-content/uploads/2021/06/Melvina-Nicolas.jpg" class="attachment-full size-full" alt="Les volontaires du SME - Melvina et Nicolas" srcset="https://sme-suisse.org/wp-content/uploads/2021/06/Melvina-Nicolas.jpg 400w, https://sme-suisse.org/wp-content/uploads/2021/06/Melvina-Nicolas-300x300.jpg 300w, https://sme-suisse.org/wp-content/uploads/2021/06/Melvina-Nicolas-150x150.jpg 150w" sizes="auto, (max-width: 400px) 100vw, 400px" /></div><div class="w-person-content"><h4 class="w-person-name" itemprop="name"><span>Melvina und Nicolas</span></h4><div class="w-person-role" itemprop="jobTitle">Ev. Kirche Bern</div></div><div class="w-person-content-alt"><div class="w-person-description" itemprop="description"><p><span style="caret-color: auto;">Technik- und Informatik-Ausbildung </span></p>
</div></div></div></div></div></div></div></div></section><section class="l-section wpb_row height_medium"><div class="l-section-h i-cf"><div class="g-cols via_flex valign_top type_default"><div class="vc_col-sm-4 wpb_column vc_column_container"><div class="vc_column-inner"><div class="wpb_wrapper"><div class="w-person layout_trendy with_desc" itemscope itemtype="https://schema.org/Person"><div class="w-person-image"><img loading="lazy" decoding="async" width="400" height="400" src="https://sme-suisse.org/wp-content/uploads/2021/06/Monika-Arnold.jpg" class="attachment-full size-full" alt="Les volontaires du SME - Monika et Arnold" srcset="https://sme-suisse.org/wp-content/uploads/2021/06/Monika-Arnold.jpg 400w, https://sme-suisse.org/wp-content/uploads/2021/06/Monika-Arnold-300x300.jpg 300w, https://sme-suisse.org/wp-content/uploads/2021/06/Monika-Arnold-150x150.jpg 150w" sizes="auto, (max-width: 400px) 100vw, 400px" /></div><div class="w-person-content"><h4 class="w-person-name" itemprop="name"><span>Arnold und Monika</span></h4><div class="w-person-role" itemprop="jobTitle">Ev. Kirche Villard</div></div><div class="w-person-content-alt"><div class="w-person-description" itemprop="description"><p>Medizinische Ausbildung<br />
<span style="font-family: arial,helvetica,sans-serif; font-size: 12pt;"> Partner SFE</span></p>
</div></div></div></div></div></div><div class="vc_col-sm-4 wpb_column vc_column_container"><div class="vc_column-inner"><div class="wpb_wrapper"><div class="w-person layout_trendy with_desc" itemscope itemtype="https://schema.org/Person"><div class="w-person-image"><img loading="lazy" decoding="async" width="400" height="400" src="https://sme-suisse.org/wp-content/uploads/2021/06/Catherine.jpg" class="attachment-full size-full" alt="La volontaire du SME - Catherine" srcset="https://sme-suisse.org/wp-content/uploads/2021/06/Catherine.jpg 400w, https://sme-suisse.org/wp-content/uploads/2021/06/Catherine-300x300.jpg 300w, https://sme-suisse.org/wp-content/uploads/2021/06/Catherine-150x150.jpg 150w" sizes="auto, (max-width: 400px) 100vw, 400px" /></div><div class="w-person-content"><h4 class="w-person-name" itemprop="name"><span>Catherine</span></h4><div class="w-person-role" itemprop="jobTitle">Ev. Kirche Villard</div></div><div class="w-person-content-alt"><div class="w-person-description" itemprop="description"><p>Bildungszentrum in einem Armenviertel<br />
Partnerschaft: Tahaddi</p>
</div></div></div></div></div></div><div class="vc_col-sm-4 wpb_column vc_column_container"><div class="vc_column-inner"><div class="wpb_wrapper"><div class="w-person layout_trendy with_desc" itemscope itemtype="https://schema.org/Person"><div class="w-person-image"><img loading="lazy" decoding="async" width="400" height="400" src="https://sme-suisse.org/wp-content/uploads/2021/06/Marianne.jpg" class="attachment-full size-full" alt="La volontaire du SME - Marianne" srcset="https://sme-suisse.org/wp-content/uploads/2021/06/Marianne.jpg 400w, https://sme-suisse.org/wp-content/uploads/2021/06/Marianne-300x300.jpg 300w, https://sme-suisse.org/wp-content/uploads/2021/06/Marianne-150x150.jpg 150w" sizes="auto, (max-width: 400px) 100vw, 400px" /></div><div class="w-person-content"><h4 class="w-person-name" itemprop="name"><span>Marianne</span></h4><div class="w-person-role" itemprop="jobTitle">Ev. Kirche L'Oasis, Morges</div></div><div class="w-person-content-alt"><div class="w-person-description" itemprop="description"><p>Ausbildung von Labortechnikern<br />
Partnerschaften: Interserve / UMHT</p>
</div></div></div></div></div></div></div></div></section><section class="l-section wpb_row height_auto"><div class="l-section-h i-cf"><div class="g-cols via_flex valign_top type_default"><div class="vc_col-sm-4 wpb_column vc_column_container"><div class="vc_column-inner"><div class="wpb_wrapper"><div class="w-person layout_trendy with_desc" itemscope itemtype="https://schema.org/Person"><div class="w-person-image"><img decoding="async" class="g-placeholder" src="https://sme-suisse.org/wp-content/plugins/us-core/assets/images/placeholder.svg" width="" height="" alt=""></div><div class="w-person-content"><h4 class="w-person-name" itemprop="name"><span>D. und A.</span></h4><div class="w-person-role" itemprop="jobTitle">Ev. Kirche La Fraternelle, Nyon</div></div><div class="w-person-content-alt"><div class="w-person-description" itemprop="description"><p>Business, Bildung</p>
</div></div></div></div></div></div><div class="vc_col-sm-4 wpb_column vc_column_container"><div class="vc_column-inner"><div class="wpb_wrapper"><div class="w-person layout_trendy with_desc" itemscope itemtype="https://schema.org/Person"><div class="w-person-image"><img decoding="async" class="g-placeholder" src="https://sme-suisse.org/wp-content/plugins/us-core/assets/images/placeholder.svg" width="" height="" alt=""></div><div class="w-person-content"><h4 class="w-person-name" itemprop="name"><span>S. und M.</span></h4><div class="w-person-role" itemprop="jobTitle">Ev. Kirche La Chapelle, Clarens</div></div><div class="w-person-content-alt"><div class="w-person-description" itemprop="description"><p>Aufnahmezentrum für auf der Strasse lebende Mädchen</p>
</div></div></div></div></div></div><div class="vc_col-sm-4 wpb_column vc_column_container"><div class="vc_column-inner"><div class="wpb_wrapper"></div></div></div></div></div></section><section class="l-section wpb_row height_medium"><div class="l-section-h i-cf"><div class="g-cols via_flex valign_top type_default"><div class="vc_col-sm-12 wpb_column vc_column_container"><div class="vc_column-inner"><div class="wpb_wrapper"><div class="w-separator size_medium"></div></div></div></div></div></div></section>

Unsere Freiwilligen Die Erfahrung jedes Einzelnen ist der Schatz aller. Dank ihnen verändert Ihr Engagement hier deren Leben dort! Die Stärke des SME ist das Vertrauen, das er in seinen Beziehungen zu den Ländern des Südens aufgebaut hat. Die direkte Verbindung zu den Partnern vor Ort garantiert die Qualität und die Ethik eines jeden Projekts....
