{"id":786,"date":"2021-08-17T15:58:40","date_gmt":"2021-08-17T13:58:40","guid":{"rendered":"https:\/\/test.sme-suisse.org\/projekte\/"},"modified":"2025-11-27T18:06:29","modified_gmt":"2025-11-27T17:06:29","slug":"projekte","status":"publish","type":"page","link":"https:\/\/sme-suisse.org\/de\/projekte\/","title":{"rendered":"Projekte"},"content":{"rendered":"<section class=\"l-section wpb_row us_custom_19737bc8 height_small type_sticky\"><div class=\"l-section-overlay\" style=\"background:var(--color-header-middle-bg)\"><\/div><div class=\"l-section-h i-cf\"><div class=\"g-cols via_flex valign_top type_default\"><div class=\"vc_col-sm-12 wpb_column vc_column_container\"><div class=\"vc_column-inner type_sticky\"><div class=\"wpb_wrapper\" style=\"top:\"><\/div><\/div><\/div><\/div><\/div><\/section><section class=\"l-section wpb_row height_auto\"><div class=\"l-section-h i-cf\"><div class=\"g-cols via_flex valign_top type_default\"><div class=\"vc_col-sm-12 wpb_column vc_column_container\"><div class=\"vc_column-inner\"><div class=\"wpb_wrapper\"><div class=\"w-separator size_large\"><\/div><div class=\"w-grid type_grid layout_515 cols_3\" id=\"us_grid_1\" data-filterable=\"true\"><style>#us_grid_1 .w-grid-item{padding:1.5rem}#us_grid_1 .w-grid-list{margin:-1.5rem}.w-grid + #us_grid_1 .w-grid-list{margin-top:1.5rem}@media (max-width:899px){#us_grid_1 .w-grid-item{width:50.0000%}}@media (max-width:599px){#us_grid_1 .w-grid-list{margin:0}#us_grid_1 .w-grid-item{width:100.0000%;padding:0;margin-bottom:1.5rem}}.layout_515 .w-grid-item-h{}.layout_515 .usg_post_image_1{margin-bottom:0.5rem!important}.layout_515 .usg_post_title_1{font-size:1rem!important}<\/style><div class=\"w-grid-list\">\t<article class=\"w-grid-item size_1x1 post-960 projets type-projets status-publish has-post-thumbnail hentry categorie_projet-berufliche-weiterentwicklung etat_projet-laufend\" data-id=\"960\">\r\n\t\t<div class=\"w-grid-item-h\">\r\n\t\t\t\t\t\t<div class=\"w-post-elm post_image usg_post_image_1 stretched\"><a href=\"https:\/\/sme-suisse.org\/de\/projekte\/faith-hospital-district-chattogram\/\" aria-label=\"Faith Hospital \u2013 District Chattogram\"><img loading=\"lazy\" decoding=\"async\" width=\"1200\" height=\"900\" src=\"https:\/\/sme-suisse.org\/wp-content\/uploads\/2021\/06\/SME-Bangladesh-Faith-Hospital.jpg\" class=\"attachment-us_600_600_crop size-us_600_600_crop wp-post-image\" alt=\"\" srcset=\"https:\/\/sme-suisse.org\/wp-content\/uploads\/2021\/06\/SME-Bangladesh-Faith-Hospital.jpg 1200w, https:\/\/sme-suisse.org\/wp-content\/uploads\/2021\/06\/SME-Bangladesh-Faith-Hospital-300x225.jpg 300w, https:\/\/sme-suisse.org\/wp-content\/uploads\/2021\/06\/SME-Bangladesh-Faith-Hospital-1024x768.jpg 1024w\" sizes=\"auto, (max-width: 1200px) 100vw, 1200px\" \/><\/a><\/div><h2 class=\"w-post-elm post_title usg_post_title_1 entry-title color_link_inherit\"><a href=\"https:\/\/sme-suisse.org\/de\/projekte\/faith-hospital-district-chattogram\/\">Faith Hospital \u2013 District Chattogram<\/a><\/h2>\t\t<\/div>\r\n\t<\/article>\r\n\t<article class=\"w-grid-item size_1x1 post-913 projets type-projets status-publish has-post-thumbnail hentry categorie_projet-berufliche-weiterentwicklung lieu-attapeu-de lieu-laos-de etat_projet-laufend\" data-id=\"913\">\r\n\t\t<div class=\"w-grid-item-h\">\r\n\t\t\t\t\t\t<div class=\"w-post-elm post_image usg_post_image_1 stretched\"><a href=\"https:\/\/sme-suisse.org\/de\/projekte\/krankenpflegeschule-in-attapeu\/\" aria-label=\"Krankenpflegeschule in Attapeu\"><img loading=\"lazy\" decoding=\"async\" width=\"400\" height=\"266\" src=\"https:\/\/sme-suisse.org\/wp-content\/uploads\/2021\/07\/sme-laos-attapeu-thumbnail.jpg\" class=\"attachment-us_600_600_crop size-us_600_600_crop wp-post-image\" alt=\"\" srcset=\"https:\/\/sme-suisse.org\/wp-content\/uploads\/2021\/07\/sme-laos-attapeu-thumbnail.jpg 400w, https:\/\/sme-suisse.org\/wp-content\/uploads\/2021\/07\/sme-laos-attapeu-thumbnail-300x200.jpg 300w\" sizes=\"auto, (max-width: 400px) 100vw, 400px\" \/><\/a><\/div><h2 class=\"w-post-elm post_title usg_post_title_1 entry-title color_link_inherit\"><a href=\"https:\/\/sme-suisse.org\/de\/projekte\/krankenpflegeschule-in-attapeu\/\">Krankenpflegeschule in Attapeu<\/a><\/h2>\t\t<\/div>\r\n\t<\/article>\r\n\t<article class=\"w-grid-item size_1x1 post-910 projets type-projets status-publish has-post-thumbnail hentry categorie_projet-grundausbildung lieu-ziguinchor-de etat_projet-laufend\" data-id=\"910\">\r\n\t\t<div class=\"w-grid-item-h\">\r\n\t\t\t\t\t\t<div class=\"w-post-elm post_image usg_post_image_1 stretched\"><a href=\"https:\/\/sme-suisse.org\/de\/projekte\/schulungs-und-alphabetisierungszentrum-in-ziguinchor\/\" aria-label=\"Schulungs- und Alphabetisierungszentrum in Ziguinchor\"><img loading=\"lazy\" decoding=\"async\" width=\"1200\" height=\"800\" src=\"https:\/\/sme-suisse.org\/wp-content\/uploads\/2021\/06\/sme-senegal-ziguinchor-classe.jpg\" class=\"attachment-us_600_600_crop size-us_600_600_crop wp-post-image\" alt=\"SME - S\u00e9n\u00e9gal Ziguinchor classe\" srcset=\"https:\/\/sme-suisse.org\/wp-content\/uploads\/2021\/06\/sme-senegal-ziguinchor-classe.jpg 1200w, https:\/\/sme-suisse.org\/wp-content\/uploads\/2021\/06\/sme-senegal-ziguinchor-classe-300x200.jpg 300w, https:\/\/sme-suisse.org\/wp-content\/uploads\/2021\/06\/sme-senegal-ziguinchor-classe-1024x683.jpg 1024w\" sizes=\"auto, (max-width: 1200px) 100vw, 1200px\" \/><\/a><\/div><h2 class=\"w-post-elm post_title usg_post_title_1 entry-title color_link_inherit\"><a href=\"https:\/\/sme-suisse.org\/de\/projekte\/schulungs-und-alphabetisierungszentrum-in-ziguinchor\/\">Schulungs- und Alphabetisierungszentrum in Ziguinchor<\/a><\/h2>\t\t<\/div>\r\n\t<\/article>\r\n\t<article class=\"w-grid-item size_1x1 post-926 projets type-projets status-publish has-post-thumbnail hentry categorie_projet-berufliche-weiterentwicklung lieu-sekong-de etat_projet-laufend\" data-id=\"926\">\r\n\t\t<div class=\"w-grid-item-h\">\r\n\t\t\t\t\t\t<div class=\"w-post-elm post_image usg_post_image_1 stretched\"><a href=\"https:\/\/sme-suisse.org\/de\/projekte\/unterstuetzung-fuer-krankenhaeuser-und-medizinische-einrichtungen-in-der-provinz-sekong\/\" aria-label=\"Unterst\u00fctzung f\u00fcr Krankenh\u00e4user und medizinische Einrichtungen in der Provinz Sekong\"><img loading=\"lazy\" decoding=\"async\" width=\"400\" height=\"266\" src=\"https:\/\/sme-suisse.org\/wp-content\/uploads\/2021\/07\/sme-laos-sekong-thumbnail.jpg\" class=\"attachment-us_600_600_crop size-us_600_600_crop wp-post-image\" alt=\"\" srcset=\"https:\/\/sme-suisse.org\/wp-content\/uploads\/2021\/07\/sme-laos-sekong-thumbnail.jpg 400w, https:\/\/sme-suisse.org\/wp-content\/uploads\/2021\/07\/sme-laos-sekong-thumbnail-300x200.jpg 300w\" sizes=\"auto, (max-width: 400px) 100vw, 400px\" \/><\/a><\/div><h2 class=\"w-post-elm post_title usg_post_title_1 entry-title color_link_inherit\"><a href=\"https:\/\/sme-suisse.org\/de\/projekte\/unterstuetzung-fuer-krankenhaeuser-und-medizinische-einrichtungen-in-der-provinz-sekong\/\">Unterst\u00fctzung f\u00fcr Krankenh\u00e4user und medizinische Einrichtungen in der Provinz Sekong<\/a><\/h2>\t\t<\/div>\r\n\t<\/article>\r\n<\/div><div class=\"w-grid-preloader\"><div class=\"g-preloader type_1\">\r\n\t<div><\/div>\r\n<\/div>\r\n<\/div>\t<div class=\"w-grid-json hidden\" onclick='return {&quot;action&quot;:&quot;us_ajax_grid&quot;,&quot;ajax_url&quot;:&quot;https:\\\/\\\/sme-suisse.org\\\/wp-admin\\\/admin-ajax.php&quot;,&quot;infinite_scroll&quot;:0,&quot;max_num_pages&quot;:1,&quot;pagination&quot;:&quot;none&quot;,&quot;permalink_url&quot;:&quot;https:\\\/\\\/sme-suisse.org\\\/de\\\/wp-json\\\/wp\\\/v2\\\/pages\\\/786\\\/&quot;,&quot;template_vars&quot;:{&quot;columns&quot;:&quot;3&quot;,&quot;exclude_items&quot;:&quot;none&quot;,&quot;img_size&quot;:&quot;default&quot;,&quot;ignore_items_size&quot;:false,&quot;items_layout&quot;:&quot;515&quot;,&quot;items_offset&quot;:&quot;1&quot;,&quot;load_animation&quot;:&quot;none&quot;,&quot;overriding_link&quot;:&quot;none&quot;,&quot;post_id&quot;:786,&quot;query_args&quot;:{&quot;post_type&quot;:[&quot;projets&quot;],&quot;tax_query&quot;:[{&quot;taxonomy&quot;:&quot;categorie_projet&quot;,&quot;field&quot;:&quot;slug&quot;,&quot;terms&quot;:[&quot;education-de-base&quot;,&quot;formation-professionelle&quot;,&quot;perfectionnement-professionnel&quot;]},{&quot;taxonomy&quot;:&quot;etat_projet&quot;,&quot;field&quot;:&quot;slug&quot;,&quot;terms&quot;:[&quot;en_cours&quot;]}],&quot;post_status&quot;:[&quot;publish&quot;,&quot;acf-disabled&quot;],&quot;posts_per_page&quot;:&quot;20&quot;},&quot;orderby_query_args&quot;:{&quot;orderby&quot;:{&quot;title&quot;:&quot;ASC&quot;},&quot;order&quot;:&quot;ASC&quot;},&quot;type&quot;:&quot;grid&quot;,&quot;us_grid_ajax_index&quot;:1,&quot;us_grid_filter_params&quot;:null,&quot;us_grid_index&quot;:1,&quot;_us_grid_post_type&quot;:&quot;projets&quot;,&quot;lang&quot;:&quot;de&quot;}}'><\/div>\r\n\t<\/div><div class=\"w-separator size_huge\"><\/div><\/div><\/div><\/div><\/div><\/div><\/section>\n","protected":false},"excerpt":{"rendered":"Verbesserung der medizinischen Versorgung in l\u00e4ndlichen Gebieten.Was ist die\u00a0Motivation dieses Projekts? Angesichts der Notwendigkeit die lokalen Gesundheitsdienste zu st\u00e4rken, verfolgt die Gesundheitsdirektion der Provinz Sekong die Ziele des 9. nationalen Entwicklungsplans f\u00fcr den Gesundheitssektor (2021-2025). Zu diesem Zweck sucht sie Unterst\u00fctzung bei der Ausbildung des Gesundheitspersonals und der Verbesserung der Hygiene durch den Zugang zu...","protected":false},"author":1,"featured_media":0,"parent":0,"menu_order":0,"comment_status":"closed","ping_status":"closed","template":"","meta":{"_acf_changed":false,"footnotes":""},"class_list":["post-786","page","type-page","status-publish","hentry"],"acf":[],"_links":{"self":[{"href":"https:\/\/sme-suisse.org\/de\/wp-json\/wp\/v2\/pages\/786","targetHints":{"allow":["GET"]}}],"collection":[{"href":"https:\/\/sme-suisse.org\/de\/wp-json\/wp\/v2\/pages"}],"about":[{"href":"https:\/\/sme-suisse.org\/de\/wp-json\/wp\/v2\/types\/page"}],"author":[{"embeddable":true,"href":"https:\/\/sme-suisse.org\/de\/wp-json\/wp\/v2\/users\/1"}],"replies":[{"embeddable":true,"href":"https:\/\/sme-suisse.org\/de\/wp-json\/wp\/v2\/comments?post=786"}],"version-history":[{"count":3,"href":"https:\/\/sme-suisse.org\/de\/wp-json\/wp\/v2\/pages\/786\/revisions"}],"predecessor-version":[{"id":3519,"href":"https:\/\/sme-suisse.org\/de\/wp-json\/wp\/v2\/pages\/786\/revisions\/3519"}],"wp:attachment":[{"href":"https:\/\/sme-suisse.org\/de\/wp-json\/wp\/v2\/media?parent=786"}],"curies":[{"name":"wp","href":"https:\/\/api.w.org\/{rel}","templated":true}]}}

<section class="l-section wpb_row us_custom_19737bc8 height_small type_sticky"><div class="l-section-overlay" style="background:var(--color-header-middle-bg)"></div><div class="l-section-h i-cf"><div class="g-cols via_flex valign_top type_default"><div class="vc_col-sm-12 wpb_column vc_column_container"><div class="vc_column-inner type_sticky"><div class="wpb_wrapper" style="top:"></div></div></div></div></div></section><section class="l-section wpb_row height_auto"><div class="l-section-h i-cf"><div class="g-cols via_flex valign_top type_default"><div class="vc_col-sm-12 wpb_column vc_column_container"><div class="vc_column-inner"><div class="wpb_wrapper"><div class="w-separator size_large"></div><div class="w-grid type_grid layout_515 cols_3" id="us_grid_1" data-filterable="true"><style>#us_grid_1 .w-grid-item{padding:1.5rem}#us_grid_1 .w-grid-list{margin:-1.5rem}.w-grid + #us_grid_1 .w-grid-list{margin-top:1.5rem}@media (max-width:899px){#us_grid_1 .w-grid-item{width:50.0000%}}@media (max-width:599px){#us_grid_1 .w-grid-list{margin:0}#us_grid_1 .w-grid-item{width:100.0000%;padding:0;margin-bottom:1.5rem}}.layout_515 .w-grid-item-h{}.layout_515 .usg_post_image_1{margin-bottom:0.5rem!important}.layout_515 .usg_post_title_1{font-size:1rem!important}</style><div class="w-grid-list">	<article class="w-grid-item size_1x1 post-960 projets type-projets status-publish has-post-thumbnail hentry categorie_projet-berufliche-weiterentwicklung etat_projet-laufend" data-id="960">
		<div class="w-grid-item-h">
						<div class="w-post-elm post_image usg_post_image_1 stretched"><a href="https://sme-suisse.org/de/projekte/faith-hospital-district-chattogram/" aria-label="Faith Hospital – District Chattogram"><img loading="lazy" decoding="async" width="1200" height="900" src="https://sme-suisse.org/wp-content/uploads/2021/06/SME-Bangladesh-Faith-Hospital.jpg" class="attachment-us_600_600_crop size-us_600_600_crop wp-post-image" alt="" srcset="https://sme-suisse.org/wp-content/uploads/2021/06/SME-Bangladesh-Faith-Hospital.jpg 1200w, https://sme-suisse.org/wp-content/uploads/2021/06/SME-Bangladesh-Faith-Hospital-300x225.jpg 300w, https://sme-suisse.org/wp-content/uploads/2021/06/SME-Bangladesh-Faith-Hospital-1024x768.jpg 1024w" sizes="auto, (max-width: 1200px) 100vw, 1200px" /></a></div><h2 class="w-post-elm post_title usg_post_title_1 entry-title color_link_inherit"><a href="https://sme-suisse.org/de/projekte/faith-hospital-district-chattogram/">Faith Hospital – District Chattogram</a></h2>		</div>
	</article>
	<article class="w-grid-item size_1x1 post-913 projets type-projets status-publish has-post-thumbnail hentry categorie_projet-berufliche-weiterentwicklung lieu-attapeu-de lieu-laos-de etat_projet-laufend" data-id="913">
		<div class="w-grid-item-h">
						<div class="w-post-elm post_image usg_post_image_1 stretched"><a href="https://sme-suisse.org/de/projekte/krankenpflegeschule-in-attapeu/" aria-label="Krankenpflegeschule in Attapeu"><img loading="lazy" decoding="async" width="400" height="266" src="https://sme-suisse.org/wp-content/uploads/2021/07/sme-laos-attapeu-thumbnail.jpg" class="attachment-us_600_600_crop size-us_600_600_crop wp-post-image" alt="" srcset="https://sme-suisse.org/wp-content/uploads/2021/07/sme-laos-attapeu-thumbnail.jpg 400w, https://sme-suisse.org/wp-content/uploads/2021/07/sme-laos-attapeu-thumbnail-300x200.jpg 300w" sizes="auto, (max-width: 400px) 100vw, 400px" /></a></div><h2 class="w-post-elm post_title usg_post_title_1 entry-title color_link_inherit"><a href="https://sme-suisse.org/de/projekte/krankenpflegeschule-in-attapeu/">Krankenpflegeschule in Attapeu</a></h2>		</div>
	</article>
	<article class="w-grid-item size_1x1 post-910 projets type-projets status-publish has-post-thumbnail hentry categorie_projet-grundausbildung lieu-ziguinchor-de etat_projet-laufend" data-id="910">
		<div class="w-grid-item-h">
						<div class="w-post-elm post_image usg_post_image_1 stretched"><a href="https://sme-suisse.org/de/projekte/schulungs-und-alphabetisierungszentrum-in-ziguinchor/" aria-label="Schulungs- und Alphabetisierungszentrum in Ziguinchor"><img loading="lazy" decoding="async" width="1200" height="800" src="https://sme-suisse.org/wp-content/uploads/2021/06/sme-senegal-ziguinchor-classe.jpg" class="attachment-us_600_600_crop size-us_600_600_crop wp-post-image" alt="SME - Sénégal Ziguinchor classe" srcset="https://sme-suisse.org/wp-content/uploads/2021/06/sme-senegal-ziguinchor-classe.jpg 1200w, https://sme-suisse.org/wp-content/uploads/2021/06/sme-senegal-ziguinchor-classe-300x200.jpg 300w, https://sme-suisse.org/wp-content/uploads/2021/06/sme-senegal-ziguinchor-classe-1024x683.jpg 1024w" sizes="auto, (max-width: 1200px) 100vw, 1200px" /></a></div><h2 class="w-post-elm post_title usg_post_title_1 entry-title color_link_inherit"><a href="https://sme-suisse.org/de/projekte/schulungs-und-alphabetisierungszentrum-in-ziguinchor/">Schulungs- und Alphabetisierungszentrum in Ziguinchor</a></h2>		</div>
	</article>
	<article class="w-grid-item size_1x1 post-926 projets type-projets status-publish has-post-thumbnail hentry categorie_projet-berufliche-weiterentwicklung lieu-sekong-de etat_projet-laufend" data-id="926">
		<div class="w-grid-item-h">
						<div class="w-post-elm post_image usg_post_image_1 stretched"><a href="https://sme-suisse.org/de/projekte/unterstuetzung-fuer-krankenhaeuser-und-medizinische-einrichtungen-in-der-provinz-sekong/" aria-label="Unterstützung für Krankenhäuser und medizinische Einrichtungen in der Provinz Sekong"><img loading="lazy" decoding="async" width="400" height="266" src="https://sme-suisse.org/wp-content/uploads/2021/07/sme-laos-sekong-thumbnail.jpg" class="attachment-us_600_600_crop size-us_600_600_crop wp-post-image" alt="" srcset="https://sme-suisse.org/wp-content/uploads/2021/07/sme-laos-sekong-thumbnail.jpg 400w, https://sme-suisse.org/wp-content/uploads/2021/07/sme-laos-sekong-thumbnail-300x200.jpg 300w" sizes="auto, (max-width: 400px) 100vw, 400px" /></a></div><h2 class="w-post-elm post_title usg_post_title_1 entry-title color_link_inherit"><a href="https://sme-suisse.org/de/projekte/unterstuetzung-fuer-krankenhaeuser-und-medizinische-einrichtungen-in-der-provinz-sekong/">Unterstützung für Krankenhäuser und medizinische Einrichtungen in der Provinz Sekong</a></h2>		</div>
	</article>
</div><div class="w-grid-preloader"><div class="g-preloader type_1">
	<div></div>
</div>
</div>	<div class="w-grid-json hidden" onclick='return {&quot;action&quot;:&quot;us_ajax_grid&quot;,&quot;ajax_url&quot;:&quot;https:\/\/sme-suisse.org\/wp-admin\/admin-ajax.php&quot;,&quot;infinite_scroll&quot;:0,&quot;max_num_pages&quot;:1,&quot;pagination&quot;:&quot;none&quot;,&quot;permalink_url&quot;:&quot;https:\/\/sme-suisse.org\/de\/wp-json\/wp\/v2\/pages\/786\/&quot;,&quot;template_vars&quot;:{&quot;columns&quot;:&quot;3&quot;,&quot;exclude_items&quot;:&quot;none&quot;,&quot;img_size&quot;:&quot;default&quot;,&quot;ignore_items_size&quot;:false,&quot;items_layout&quot;:&quot;515&quot;,&quot;items_offset&quot;:&quot;1&quot;,&quot;load_animation&quot;:&quot;none&quot;,&quot;overriding_link&quot;:&quot;none&quot;,&quot;post_id&quot;:786,&quot;query_args&quot;:{&quot;post_type&quot;:[&quot;projets&quot;],&quot;tax_query&quot;:[{&quot;taxonomy&quot;:&quot;categorie_projet&quot;,&quot;field&quot;:&quot;slug&quot;,&quot;terms&quot;:[&quot;education-de-base&quot;,&quot;formation-professionelle&quot;,&quot;perfectionnement-professionnel&quot;]},{&quot;taxonomy&quot;:&quot;etat_projet&quot;,&quot;field&quot;:&quot;slug&quot;,&quot;terms&quot;:[&quot;en_cours&quot;]}],&quot;post_status&quot;:[&quot;publish&quot;,&quot;acf-disabled&quot;],&quot;posts_per_page&quot;:&quot;20&quot;},&quot;orderby_query_args&quot;:{&quot;orderby&quot;:{&quot;title&quot;:&quot;ASC&quot;},&quot;order&quot;:&quot;ASC&quot;},&quot;type&quot;:&quot;grid&quot;,&quot;us_grid_ajax_index&quot;:1,&quot;us_grid_filter_params&quot;:null,&quot;us_grid_index&quot;:1,&quot;_us_grid_post_type&quot;:&quot;projets&quot;,&quot;lang&quot;:&quot;de&quot;}}'></div>
	</div><div class="w-separator size_huge"></div></div></div></div></div></div></section>

Verbesserung der medizinischen Versorgung in ländlichen Gebieten.Was ist die Motivation dieses Projekts? Angesichts der Notwendigkeit die lokalen Gesundheitsdienste zu stärken, verfolgt die Gesundheitsdirektion der Provinz Sekong die Ziele des 9. nationalen Entwicklungsplans für den Gesundheitssektor (2021-2025). Zu diesem Zweck sucht sie Unterstützung bei der Ausbildung des Gesundheitspersonals und der Verbesserung der Hygiene durch den Zugang zu...
